{"id":1048,"date":"2017-10-26T21:41:52","date_gmt":"2017-10-27T00:41:52","guid":{"rendered":"http:\/\/www.archivosrevista.com.ar.ca1.toservers.com\/contenido\/?page_id=1048"},"modified":"2017-10-26T21:41:52","modified_gmt":"2017-10-27T00:41:52","slug":"numero-11","status":"publish","type":"page","link":"https:\/\/www.archivosrevista.com.ar\/contenido\/https-www-archivosrevista-com-ar-numeros\/numero-11\/","title":{"rendered":"N\u00famero 11"},"content":{"rendered":"<p><a href=\"http:\/\/www.archivosrevista.com.ar.ca1.toservers.com\/contenido\/wp-content\/uploads\/2017\/10\/Indice-y-resumenes-1.docx\">Ver res\u00famenes de todos los art\u00edculos del n\u00famero 11<\/a><\/p>\n<p><a href=\"http:\/\/www.archivosrevista.com.ar.ca1.toservers.com\/contenido\/wp-content\/uploads\/2017\/10\/Presentacion.pdf\">Presentaci\u00f3n<\/a><\/p>\n<p><strong>Dossier: \u201cA cien a\u00f1os de la Revoluci\u00f3n Rusa\u201d<\/strong><\/p>\n<p><a href=\"http:\/\/www.archivosrevista.com.ar.ca1.toservers.com\/contenido\/wp-content\/uploads\/2017\/10\/Presentacion-dossier-1.pdf\">Presentaci\u00f3n del dossier, por Hern\u00e1n Camarero, Diego Ceruso y Hern\u00e1n D\u00edaz<\/a><\/p>\n<p>&#8211; El socialismo, la izquierda internacionalista y el naciente comunismo de la Argentina ante la Revoluci\u00f3n Rusa de 1917, por Hern\u00e1n Camarero<\/p>\n<p>&#8211; Entre la Revoluci\u00f3n Rusa y Nuestra Am\u00e9rica. La prensa militante: 1919-1935, por Ricardo Melgar Bao<\/p>\n<p>&#8211; La relaci\u00f3n entre la Internacional Comunista y Am\u00e9rica Latina: episodios del revolucionario suizo Alfred Stirner, por V\u00edctor Jeifets y Lazar Jeifets<\/p>\n<p>&#8211; La historiograf\u00eda de la Revoluci\u00f3n Rusa, cien a\u00f1os despu\u00e9s, por Stephen A. Smith<\/p>\n<p>&#8211; Pashukanis. La cr\u00edtica de la forma jur\u00eddica en los debates pol\u00edtico-legales de la Revoluci\u00f3n Rusa, por Facundo C. Rocca<\/p>\n<p><strong>Art\u00edculos<\/strong><\/p>\n<p>&#8211; Auge y ocaso del shule icufista en Argentina (1941-1968), por Nerina Visacovsky<\/p>\n<p>&#8211; Estrategia e inserci\u00f3n del Partido Comunista Revolucionario en el SMATA (1979-1985), por Matias J. Rubio<\/p>\n<p>&#8211; Portuarios en lucha: de la huelga de 1966 a la demanda por un \u201cpuerto-f\u00e1brica\u201d en Bah\u00eda Blanca, por Ana Bel\u00e9n Zapata<\/p>\n<p><strong>Cr\u00edtica de libros<\/strong><\/p>\n<p>-Ciencia y utop\u00eda. En Marx y en la tradici\u00f3n marxista (de Ariel Petruccelli), por Santiago M. Roggerone<\/p>\n<p>&#8211; La psicolog\u00eda por asalto. Psiquiatr\u00eda y cultura cient\u00edfica en el comunismo argentino (1935-1991) (de Luciano N. Garc\u00eda), por Hern\u00e1n Scholten<\/p>\n<p>&#8211; Cristianismo y Revoluci\u00f3n. El origen de Montoneros. Violencia, pol\u00edtica y religi\u00f3n en los 60 (de Esteban Campos), por Ezequiel Gatto<\/p>\n","protected":false},"excerpt":{"rendered":"<p>Ver res\u00famenes de todos los art\u00edculos del n\u00famero 11 Presentaci\u00f3n Dossier: \u201cA cien a\u00f1os de la Revoluci\u00f3n Rusa\u201d Presentaci\u00f3n del dossier, por Hern\u00e1n Camarero, Diego Ceruso y Hern\u00e1n D\u00edaz &#8211; El socialismo, la izquierda internacionalista y el naciente comunismo de la Argentina ante la Revoluci\u00f3n Rusa de 1917, por Hern\u00e1n Camarero &#8211; Entre la Revoluci\u00f3n Rusa y Nuestra Am\u00e9rica. La prensa militante: 1919-1935, por Ricardo Melgar Bao &#8211; La relaci\u00f3n entre la Internacional Comunista y Am\u00e9rica Latina: episodios del revolucionario suizo Alfred Stirner, por V\u00edctor Jeifets y Lazar Jeifets &#8211; La historiograf\u00eda de la Revoluci\u00f3n Rusa, cien a\u00f1os despu\u00e9s, por Stephen A. Smith &#8211; Pashukanis. La cr\u00edtica de la forma jur\u00eddica en los debates pol\u00edtico-legales de la Revoluci\u00f3n Rusa, por Facundo C. Rocca Art\u00edculos &#8211; Auge y ocaso del shule icufista en Argentina (1941-1968), por Nerina Visacovsky &#8211; Estrategia e inserci\u00f3n del Partido Comunista Revolucionario en el SMATA (1979-1985), por Matias J. Rubio &#8211; Portuarios en lucha: de la huelga de 1966 a la demanda por un \u201cpuerto-f\u00e1brica\u201d en Bah\u00eda Blanca, por Ana Bel\u00e9n Zapata Cr\u00edtica de libros -Ciencia y utop\u00eda. En Marx y en la tradici\u00f3n marxista (de Ariel Petruccelli), por Santiago M. Roggerone &#8211; La psicolog\u00eda por asalto. Psiquiatr\u00eda y cultura cient\u00edfica en el comunismo argentino (1935-1991) (de Luciano N. Garc\u00eda), por Hern\u00e1n Scholten &#8211; Cristianismo y Revoluci\u00f3n. El origen de Montoneros. Violencia, pol\u00edtica y religi\u00f3n en los 60 (de Esteban Campos), por Ezequiel Gatto<\/p>\n","protected":false},"author":1,"featured_media":0,"parent":29,"menu_order":11,"comment_status":"closed","ping_status":"closed","template":"","meta":{"spay_email":""},"jetpack_sharing_enabled":true,"jetpack_shortlink":"https:\/\/wp.me\/P5oi02-gU","_links":{"self":[{"href":"https:\/\/www.archivosrevista.com.ar\/contenido\/wp-json\/wp\/v2\/pages\/1048"}],"collection":[{"href":"https:\/\/www.archivosrevista.com.ar\/contenido\/wp-json\/wp\/v2\/pages"}],"about":[{"href":"https:\/\/www.archivosrevista.com.ar\/contenido\/wp-json\/wp\/v2\/types\/page"}],"author":[{"embeddable":true,"href":"https:\/\/www.archivosrevista.com.ar\/contenido\/wp-json\/wp\/v2\/users\/1"}],"replies":[{"embeddable":true,"href":"https:\/\/www.archivosrevista.com.ar\/contenido\/wp-json\/wp\/v2\/comments?post=1048"}],"version-history":[{"count":1,"href":"https:\/\/www.archivosrevista.com.ar\/contenido\/wp-json\/wp\/v2\/pages\/1048\/revisions"}],"predecessor-version":[{"id":1052,"href":"https:\/\/www.archivosrevista.com.ar\/contenido\/wp-json\/wp\/v2\/pages\/1048\/revisions\/1052"}],"up":[{"embeddable":true,"href":"https:\/\/www.archivosrevista.com.ar\/contenido\/wp-json\/wp\/v2\/pages\/29"}],"wp:attachment":[{"href":"https:\/\/www.archivosrevista.com.ar\/contenido\/wp-json\/wp\/v2\/media?parent=1048"}],"curies":[{"name":"wp","href":"https:\/\/api.w.org\/{rel}","templated":true}]}}