{"id":887,"date":"2016-07-09T18:46:46","date_gmt":"2016-07-09T21:46:46","guid":{"rendered":"http:\/\/www.archivosrevista.com.ar.ca1.toservers.com\/contenido\/?page_id=887"},"modified":"2018-02-21T19:57:24","modified_gmt":"2018-02-21T22:57:24","slug":"cehti","status":"publish","type":"page","link":"https:\/\/www.archivosrevista.com.ar\/contenido\/cehti\/","title":{"rendered":"CEHTI"},"content":{"rendered":"<p style=\"text-align: justify;\">A partir de 2016, estamos poniendo en marcha el <a href=\"http:\/\/www.cehti.com.ar\">Centro de Estudios Hist\u00f3ricos de los Trabajadores y las Izquierdas (CEHTI).<\/a><\/p>\n<p style=\"text-align: justify;\">Su objetivo es el de seguir contribuyendo a una reflexi\u00f3n integral sobre estos temas, de la Argentina y el mundo, tal como venimos haciendo con la revista Archivos de Historia del Movimiento Obrero y la Izquierda desde 2012, pero ahora desde un espacio institucional m\u00e1s consolidado y con fines ambiciosos. La coordinaci\u00f3n de grupos de investigaci\u00f3n, la realizaci\u00f3n de conferencias y charlas a cargo de especialistas invitados, la organizaci\u00f3n de talleres, seminarios de especializaci\u00f3n y cursos de formaci\u00f3n docente, y la preparaci\u00f3n de actividades de divulgaci\u00f3n, entre otras, ser\u00e1n las ocupaciones principales del centro. Tal como sostuvimos desde los inicios de Archivos, el desaf\u00edo es elaborar desde las m\u00faltiples perspectivas de la historia social, pol\u00edtica, cultural, intelectual y de g\u00e9nero, nutridas, adem\u00e1s, de enfoques interdisciplinarios, renovadores y conectados con los m\u00e1s recientes avances de las ciencias sociales a escala internacional.<\/p>\n<p style=\"text-align: justify;\">Apostamos a la actualizaci\u00f3n y, a la vez, nos queremos reconocer en lo mejor de la tradici\u00f3n historiogr\u00e1fica socialista, en la cual, como postulaba el investigador Georges Haupt, la rigurosidad cient\u00edfica, una fundada perspectiva cr\u00edtica y el compromiso con las causas emancipatorias deben confluir y complementarse adecuadamente.<br \/>\nEl CEHTI se apoya en pasos preexistentes, los cuales, aunque modestos, apreciamos como testimonio de una empresa intelectual y cultural necesaria y posible. Dentro de estos puntos de apoyo, el m\u00e1s evidente es la edici\u00f3n regular y de calidad sostenida de la revista Archivos durante estos casi cuatro a\u00f1os. Pero tambi\u00e9n el afianzamiento de nuestra \u201cColecci\u00f3n Archivos. Estudios de historia del movimiento obrero y la izquierda\u201d, con 5 libros publicados. Tampoco queremos olvidar el desarrollo de las \u201cI Jornadas de historia del movimiento obrero y la izquierda\u201d, que hicimos en junio de 2015 en la Facultad de Filosof\u00eda y Letras (Universidad de Buenos Aires), con la participaci\u00f3n de destacados colegas y la asistencia de una gran cantidad de inscritos.<\/p>\n<p style=\"text-align: justify;\">El centro ser\u00e1 aut\u00f3nomo y plural, estructurado como una asociaci\u00f3n civil, que forjar\u00e1 su recorrido sustentado en la acci\u00f3n voluntaria de sus iniciales integrantes y de todos los que quieran sumarse. Antes que el aislamiento autorreferencial, promover\u00e1, tal como es nuestra costumbre, la colaboraci\u00f3n y el di\u00e1logo fruct\u00edfero con otros espacios de producci\u00f3n intelectual y cultural, de la Argentina y del mundo.<\/p>\n<p style=\"text-align: justify;\">A mediados de los a\u00f1os 70, el historiador E.P. Thompson, esbozando algunas evaluaciones sobre su trayectoria y la de su generaci\u00f3n, sosten\u00eda: \u201cLos intelectuales socialistas deben ocupar un territorio que sea, sin condiciones, suyo: sus propias revistas, sus propios centros te\u00f3ricos y pr\u00e1cticos; lugares donde nadie trabaje para que le concedan t\u00edtulos o c\u00e1tedras, sino para la transformaci\u00f3n de la sociedad; lugares donde sea dura la cr\u00edtica y la autocr\u00edtica, pero tambi\u00e9n de ayuda mutua e intercambio de conocimientos te\u00f3ricos y pr\u00e1cticos, lugares que prefiguren en cierto modo la sociedad del futuro\u201d.<\/p>\n<p style=\"text-align: justify;\">Como \u00e9stos, son muchos los proyectos y experiencias en los que nos sentimos inspirados, en la brega por consolidar un espacio creativo de investigaci\u00f3n, formaci\u00f3n, debate y divulgaci\u00f3n sobre la historia de los trabajadores, el movimiento obrero y las izquierdas. Animados de estas convicciones, invitamos a transitar este camin<\/p>\n<p>&nbsp;<\/p>\n","protected":false},"excerpt":{"rendered":"<p>A partir de 2016, estamos poniendo en marcha el Centro de Estudios Hist\u00f3ricos de los Trabajadores y las Izquierdas (CEHTI). Su objetivo es el de seguir contribuyendo a una reflexi\u00f3n integral sobre estos temas, de la Argentina y el mundo, tal como venimos haciendo con la revista Archivos de Historia del Movimiento Obrero y la Izquierda desde 2012, pero ahora desde un espacio institucional m\u00e1s consolidado y con fines ambiciosos. La coordinaci\u00f3n de grupos de investigaci\u00f3n, la realizaci\u00f3n de conferencias y charlas a cargo de especialistas invitados, la organizaci\u00f3n de talleres, seminarios de especializaci\u00f3n y cursos de formaci\u00f3n docente, y la preparaci\u00f3n de actividades de divulgaci\u00f3n, entre otras, ser\u00e1n las ocupaciones principales del centro. Tal como sostuvimos desde los inicios de Archivos, el desaf\u00edo es elaborar desde las m\u00faltiples perspectivas de la historia social, pol\u00edtica, cultural, intelectual y de g\u00e9nero, nutridas, adem\u00e1s, de enfoques interdisciplinarios, renovadores y conectados con los m\u00e1s recientes avances de las ciencias sociales a escala internacional. Apostamos a la actualizaci\u00f3n y, a la vez, nos queremos reconocer en lo mejor de la tradici\u00f3n historiogr\u00e1fica socialista, en la cual, como postulaba el investigador Georges Haupt, la rigurosidad cient\u00edfica, una fundada perspectiva cr\u00edtica y el compromiso con las causas emancipatorias deben confluir y complementarse adecuadamente. El CEHTI se apoya en pasos preexistentes, los cuales, aunque modestos, apreciamos como testimonio de una empresa intelectual y cultural necesaria y posible. Dentro de estos puntos de apoyo, el m\u00e1s evidente es la edici\u00f3n regular y de calidad sostenida de la revista Archivos durante estos casi cuatro a\u00f1os. Pero tambi\u00e9n el afianzamiento de nuestra \u201cColecci\u00f3n Archivos. Estudios de historia del movimiento obrero y la izquierda\u201d, con 5 libros publicados. Tampoco queremos olvidar el desarrollo de las \u201cI Jornadas de historia del movimiento obrero y la izquierda\u201d, que hicimos en junio de 2015 en la Facultad de Filosof\u00eda y Letras (Universidad de Buenos Aires), con la participaci\u00f3n de destacados colegas y la asistencia de una gran cantidad de inscritos. El centro ser\u00e1 aut\u00f3nomo y plural, estructurado como una asociaci\u00f3n civil, que forjar\u00e1 su recorrido sustentado en la acci\u00f3n voluntaria de sus iniciales integrantes y de todos los que quieran sumarse. Antes que el aislamiento autorreferencial, promover\u00e1, tal como es nuestra costumbre, la colaboraci\u00f3n y el di\u00e1logo fruct\u00edfero con otros espacios de producci\u00f3n intelectual y cultural, de la Argentina y del mundo. A mediados de los a\u00f1os 70, el historiador E.P. Thompson, esbozando algunas evaluaciones sobre su trayectoria y la de su generaci\u00f3n, sosten\u00eda: \u201cLos intelectuales socialistas deben ocupar un territorio que sea, sin condiciones, suyo: sus propias revistas, sus propios centros te\u00f3ricos y pr\u00e1cticos; lugares donde nadie trabaje para que le concedan t\u00edtulos o c\u00e1tedras, sino para la transformaci\u00f3n de la sociedad; lugares donde sea dura la cr\u00edtica y la autocr\u00edtica, pero tambi\u00e9n de ayuda mutua e intercambio de conocimientos te\u00f3ricos y pr\u00e1cticos, lugares que prefiguren en cierto modo la sociedad del futuro\u201d. Como \u00e9stos, son muchos los proyectos y experiencias en los que nos sentimos inspirados, en la brega por consolidar un espacio creativo de investigaci\u00f3n, formaci\u00f3n, debate y divulgaci\u00f3n sobre la historia de los trabajadores, el movimiento obrero y las izquierdas. Animados de estas convicciones, invitamos a transitar este camin &nbsp;<\/p>\n","protected":false},"author":1,"featured_media":0,"parent":0,"menu_order":0,"comment_status":"closed","ping_status":"closed","template":"","meta":{"spay_email":""},"jetpack_sharing_enabled":true,"jetpack_shortlink":"https:\/\/wp.me\/P5oi02-ej","_links":{"self":[{"href":"https:\/\/www.archivosrevista.com.ar\/contenido\/wp-json\/wp\/v2\/pages\/887"}],"collection":[{"href":"https:\/\/www.archivosrevista.com.ar\/contenido\/wp-json\/wp\/v2\/pages"}],"about":[{"href":"https:\/\/www.archivosrevista.com.ar\/contenido\/wp-json\/wp\/v2\/types\/page"}],"author":[{"embeddable":true,"href":"https:\/\/www.archivosrevista.com.ar\/contenido\/wp-json\/wp\/v2\/users\/1"}],"replies":[{"embeddable":true,"href":"https:\/\/www.archivosrevista.com.ar\/contenido\/wp-json\/wp\/v2\/comments?post=887"}],"version-history":[{"count":9,"href":"https:\/\/www.archivosrevista.com.ar\/contenido\/wp-json\/wp\/v2\/pages\/887\/revisions"}],"predecessor-version":[{"id":1092,"href":"https:\/\/www.archivosrevista.com.ar\/contenido\/wp-json\/wp\/v2\/pages\/887\/revisions\/1092"}],"wp:attachment":[{"href":"https:\/\/www.archivosrevista.com.ar\/contenido\/wp-json\/wp\/v2\/media?parent=887"}],"curies":[{"name":"wp","href":"https:\/\/api.w.org\/{rel}","templated":true}]}}